 = -5800. Let y = 90 - p. What is the units digit of y?
9
Let y be 1 + -2 + -8 + (4868 - 0). Suppose -5*g + y = 2*c, 3*g - 1685 = c + 1226. What is the units digit of g?
1
Suppose 0 = 5*l - 2*g - 588, -5*l + 600 = -4*g - g. Let v be 2/6 + -1 + l/12. Suppose v*u = 10*u - 26. What is the tens digit of u?
2
Suppose 20*v - 13 = -p + 22*v, 3*p - 5*v - 35 = 0. Suppose 14*z + p*c + 804 = 17*z, -4*c = 0. What is the hundreds digit of z?
2
Suppose -42 = 37*j - 16*j. What is the tens digit of (-444)/9*(-189)/9 - j?
3
Let b(h) = -3*h - 7. Let l(i) = 2*i + 5. Let x(q) = 5*b(q) + 7*l(q). Let o be x(-4). Suppose 10 + 86 = o*j + 5*a, 16 = -4*a. What is the units digit of j?
9
Let b(d) = 3*d + 86. Let g be b(15). Suppose -m - g = -503. What is the tens digit of m?
7
Let w = 2193 + 2185. What is the tens digit of w?
7
Let b(j) = 2*j**2 + 3*j + 18. Let f(k) = -3*k**2 - 6*k - 35. Let h(q) = 5*b(q) + 3*f(q). Suppose 3*n - 27 = 6*n. What is the tens digit of h(n)?
9
Let h(x) = -x**3 + 16*x**2 - 45. Let c(p) = p**2 + p + 1. Let g be c(3). What is the hundreds digit of h(g)?
4
Suppose n - x - 142 = 515, 5*n - 3330 = -4*x. Let d = -491 + n. What is the tens digit of d?
7
Suppose -36*r - 379 = -37*r. Suppose -r = -4*j + 5*x, 3*j + x + 2*x = 291. Suppose 2*u = 72 + j. What is the units digit of u?
4
Suppose -4*m = 4*p - 55932, -4*m - 401*p + 55914 = -406*p. What is the tens digit of m?
8
Let l(v) = -4*v**2 - 15*v + 25. Let q be l(8). Let x = 452 + q. What is the tens digit of x?
0
Suppose -2*j + d = -0 - 6, 0 = -4*d. Suppose -3 = -j*c + 3. Suppose -f - c*t + 394 = 3*f, -97 = -f - 2*t. What is the units digit of f?
9
Let z(q) = -q**3 + 15*q**2 - 17*q + 62. Let p be z(14). Suppose 3*d - p = 22. What is the units digit of d?
4
Let p be 2 + 0 - (-12)/6. Suppose -4*s - 5*d = -1289, -891 = -3*s - p*d + 76. Let g = s + -182. What is the tens digit of g?
3
Let d = -304 + 311. Suppose -3*j - 5*q = -1415, d*j - 2365 = 2*j - 5*q. What is the units digit of j?
5
Let t be (5 - 0)/(-1 + 2). Suppose -5*o + 5*i = -2165, 0 = 5*o + t*i - i - 2138. What is the units digit of o?
0
Let b = 13 - -2. Let c(a) = -2 + b*a + 10 - 23*a. What is the tens digit of c(-6)?
5
Suppose 56042 = 5*q + 2*r, -7*q + 2*r = -11*q + 44832. Suppose 29*c - q = -2829. What is the tens digit of c?
8
Suppose -6*n + 28 = -8. Suppose -d - 3*w = 13, -4*d + n + 17 = -3*w. What is the units digit of 1 + 81 - d*(-2)/2?
4
Suppose -4*y + 13666 = 2*h, -14*h = 2*y - 19*h - 6863. What is the hundreds digit of y?
4
Let y(z) = z**2 - 6*z - 20. Let c = -33 - -38. Suppose -c = 3*m - 38. What is the tens digit of y(m)?
3
Suppose 5*h - 120 - 25 = 0. Suppose -24*l + h*l = 0. Suppose -o = -3 - l. What is the units digit of o?
3
Suppose f + 3*v = 3376, -4*v + 10103 = -323*f + 326*f. What is the tens digit of f?
6
Let a = -325 + 333. Let z(u) be the second derivative of -u**3/6 + 13*u**2/2 + 2*u. What is the units digit of z(a)?
5
Let u(j) be the second derivative of j**5/20 + 13*j**4/12 - 7*j**3/6 + 9*j**2 + 510*j. Let x be ((-18)/4)/((-6)/(-16)). What is the tens digit of u(x)?
4
Let h(b) = -13*b - 114. Let y be h(-9). Suppose 0 = -0*a + y*a - 1038. What is the hundreds digit of a?
3
Let t be (-58)/4*-116 - (-12 - -9). Suppose 0 = 5*x - 2*d - t - 1731, -2*x - d = -1370. What is the tens digit of x?
8
Suppose 0 = -3*o + 2*h + h + 2307, -o = -5*h - 785. What is the tens digit of o?
6
Let c(s) = s**3 - 74*s**2 - 134*s - 251. What is the tens digit of c(78)?
3
Let q be (-7)/21 + (-2)/((-18)/(-213)). Let l be (2/4)/(4*(-1)/q). Suppose -5*a - 4*h + 185 = 0, 9*h - 11*h = -l*a + 111. What is the tens digit of a?
3
Suppose 0 = -x + 4*y + 47203, 22*y = -3*x + 33*y + 141604. What is the ten thousands digit of x?
4
Let p = -26 - -29. Suppose -p*q = -0*q - 471. What is the hundreds digit of q?
1
Let o(b) = -b**3 - 16*b**2 - 3*b - 45. Let m be o(-16). Suppose 0*t = 4*t + m*g - 4315, -5414 = -5*t + 3*g. What is the tens digit of t?
8
Let s be ((-325)/20)/(13/(-52)). Let i be 2/(-5) + (-51)/(-15). Suppose s = i*j - 10. What is the units digit of j?
5
Suppose -4*m + 15344 = -4*a, 45*a = 49*a + 28. What is the tens digit of m?
2
Let w = -2650 + 3297. What is the tens digit of w?
4
Suppose -7*l - 26 = -5. Let m be 4/(-6) + ((-215)/l)/(-5). Let a(o) = -o**3 - 14*o**2 + 11*o + 2. What is the tens digit of a(m)?
6
Let r(h) = h**3 + 4*h**2 + h + 1. Let i be r(-4). Suppose 28*v = 52*v + 48. What is the tens digit of (-3 - v)/(i/141)?
4
Suppose w = -4*x - 105, -5*x - 360 - 120 = 5*w. Let p = -88 - w. Suppose p*v = 6*u - 3*u + 870, -5*v - 5*u = -830. What is the tens digit of v?
7
Let w = 40525 + 8302. What is the thousands digit of w?
8
Let m(n) = 2*n**3 - 192*n**2 + 221*n - 61. What is the hundreds digit of m(96)?
1
Suppose 0 = -4*t + 4*w + 342580, -3*w - 178029 = -5*t + 250212. What is the hundreds digit of t?
6
Let j = 2390 - -3556. What is the thousands digit of j?
5
Suppose -82940 = -61*l + 50*l. What is the tens digit of l?
4
Let h = -321 + 688. Let z = 394 - h. What is the units digit of z?
7
Suppose 48 = 11*r - 3*r. Let l(o) = 9*o - 22. Let w be l(r). Suppose a - w = 41. What is the units digit of a?
3
Suppose -3*g + 0*p = 3*p - 37641, -2*g - p = -25101. What is the tens digit of g?
5
Suppose -k + s + 4 + 5 = 0, 13 = -3*k - 5*s. Let l(w) = 100*w + 4. What is the hundreds digit of l(k)?
4
Let u(w) = 54*w**2 + 53*w - 51. Let n be u(-21). Suppose -118*i + 143*i = n. What is the hundreds digit of i?
9
Suppose -4*d - d = -0*d. Suppose v = -j - d*j, 5*j = -10. What is the tens digit of 1 - (-1 + v*-44)?
9
Suppose -4*l + 40*i - 29*i + 37562 = 0, -4*i - 18778 = -2*l. What is the tens digit of l?
8
Let g = -14518 - -24364. What is the units digit of g?
6
Suppose -101772 = -2*c - 5*u + 58973, -c + 80395 = -5*u. What is the hundreds digit of c?
3
Let m be -2*(18/(-12) + 2). Suppose 4*j = 5 - 17. What is the units digit of 713/23*(0 - (j - m))?
2
Let i = 45 + -48. Let c be i/(-4) - (32100/(-16))/5. Suppose t + w = 108, -4*t + c = -0*w - 2*w. What is the units digit of t?
3
Let k(j) = -40*j**3 - 2*j**2 + 144*j + 1464. What is the ten thousands digit of k(-13)?
8
Let a = 408 - 283. What is the hundreds digit of 60475/a + 2/10?
4
Let s be (4/(-2))/(2 + -1). Let d(f) be the second derivative of -21*f**5/20 + f**4/12 - f**3/6 + f**2 + 26*f + 51. What is the hundreds digit of d(s)?
1
Let x(z) be the first derivative of 165*z**2/2 + 26*z - 61. What is the hundreds digit of x(2)?
3
Suppose 0 = -4*t + 2*s + 43 + 7, -3*t - 2*s + 27 = 0. Let q be (-2 - 4)/(3/(-1)). Suppose 2*z + 1 = -2*j + t, q*j - 28 = -5*z. What is the units digit of z?
6
Let b be ((-16)/(-10) - 2)/((-2)/10). Suppose i - 114 = -b*i. Let n = 77 - i. What is the tens digit of n?
3
Suppose -3*a = 3*y - 5043, -2*y + 4464 = 3*a + 1100. What is the thousands digit of y?
1
Let y be 418 + 6 + -11 + 11. Let r = y - 132. What is the units digit of r?
2
Let h(t) = 4418*t**2 + 32*t - 100. What is the tens digit of h(2)?
3
Let o = 364 + -397. What is the tens digit of 740/3 + (-44)/o?
4
Let m = -170 - -168. What is the hundreds digit of (m + 442)/1 + (-25 - -25)?
4
What is the hundreds digit of (-4)/46 + (-136251090)/(-5934)?
9
Let l(i) = -7*i**2 + 17*i**3 + 8*i**3 - 10*i - 2*i**2 - 6 - 24*i**3. Let g be l(10). Let f(s) = -6*s + 9. What is the tens digit of f(g)?
4
Let x(t) = t**2 - 7*t - 108. Let z be x(-12). Suppose -8*i + z = -56. What is the units digit of i?
2
Let g be 12/(-30)*(-17 + 2). Let c(j) = 13*j + 20*j**2 - 10*j + g - 3. What is the units digit of c(-1)?
0
Let f be -1 - 84/(-3 + (-12)/(-3)). Let d = f - -627. What is the tens digit of d?
4
Suppose 49*x - 3*u - 1600 = 45*x, -5*x - 3*u = -1973. What is the hundreds digit of x?
3
Let r be (-90)/12*-2*2/(-6). What is the units digit of (35/175)/((-1)/r)?
1
Suppose 7*y - 2 = 8*y. Let i(k) = -k. Let v be i(y). Suppose 151 = v*g - 5. What is the tens digit of g?
7
Suppose -5*m + 591 = 2*p, 3*p + m + 4*m - 889 = 0. Suppose -p = 21*v - 22*v. What is the hundreds digit of v?
2
Let m = 3754 - 1678. Let c = -1138 + m. What is the tens digit of c?
3
Let u(o) = o**3 - 6*o**2 + 4*o - 6. Let n be u(7). Let v be (-3)/(319/1190 - 6/21). Suppose -w + n = -v. What is the units digit of w?
1
Suppose -7*w + 16 = -3*w. Let n(z) = z - 16. Let o be n(13). What is the units